{"id":1302,"date":"2025-04-28T23:04:52","date_gmt":"2025-04-28T23:04:52","guid":{"rendered":"https:\/\/derechomaz.uas.edu.mx\/?page_id=1302"},"modified":"2025-04-28T23:04:53","modified_gmt":"2025-04-28T23:04:53","slug":"mision-y-vision-de-la-facultad","status":"publish","type":"page","link":"https:\/\/derechomaz.uas.edu.mx\/index.php\/mision-y-vision-de-la-facultad\/","title":{"rendered":"Misi\u00f3n y Visi\u00f3n de la facultad"},"content":{"rendered":"\n<h2 class=\"wp-block-heading\">Misi\u00f3n<\/h2>\n\n\n\n<p>Formar profesionales del derecho competentes, con prestigio y reconocimiento social, cuyo perfil les permita generar y aplicar los conocimientos adquiridos de manera innovadora y atender las necesidades de la sociedad, para contribuir en el desarrollo sustentable a nivel estatal, regional y nacional, basados en la equidad, justicia, democracia y principios \u00e9ticos para la resoluci\u00f3n de problem\u00e1ticas sociales y jur\u00eddicas, con un alto sentido en los derechos humanos, as\u00ed como en la contribuci\u00f3n de la construcci\u00f3n del Estado de Derecho.<\/p>\n\n\n\n<figure class=\"wp-block-image size-full\"><img loading=\"lazy\" decoding=\"async\" width=\"1920\" height=\"1280\" src=\"http:\/\/derechomaz.uas.edu.mx\/wp-content\/uploads\/2022\/03\/mision-facultad.jpg\" alt=\"Misi\u00f3n de la Facultad de Derecho Mazatl\u00e1n\" class=\"wp-image-211\" srcset=\"https:\/\/derechomaz.uas.edu.mx\/wp-content\/uploads\/2022\/03\/mision-facultad.jpg 1920w, https:\/\/derechomaz.uas.edu.mx\/wp-content\/uploads\/2022\/03\/mision-facultad-300x200.jpg 300w, https:\/\/derechomaz.uas.edu.mx\/wp-content\/uploads\/2022\/03\/mision-facultad-1024x683.jpg 1024w, https:\/\/derechomaz.uas.edu.mx\/wp-content\/uploads\/2022\/03\/mision-facultad-768x512.jpg 768w, https:\/\/derechomaz.uas.edu.mx\/wp-content\/uploads\/2022\/03\/mision-facultad-1536x1024.jpg 1536w\" sizes=\"auto, (max-width: 1920px) 100vw, 1920px\" \/><\/figure>\n\n\n\n<h2 class=\"wp-block-heading\">Visi\u00f3n<\/h2>\n\n\n\n<p>Los egresados de la Licenciatura en Derecho son profesionistas dotados de instrumentos metodol\u00f3gicos y jur\u00eddicos que se enriquecen para conocer el marco estructural de las normas jur\u00eddicas que regulan la conducta del ser humano; as\u00ed como investigar, analizar y resolver problemas que se generan en este campo del conocimiento; orientando un aprendizaje humanista del Derecho, formador de un profesional con sensibilidad y compromiso social, capacitado para proponer normas jur\u00eddicas alternativas que contribuyen a la consolidaci\u00f3n de una cultura de la  paz.<\/p>\n\n\n\n<figure class=\"wp-block-image size-full\"><img loading=\"lazy\" decoding=\"async\" width=\"1920\" height=\"1280\" src=\"http:\/\/derechomaz.uas.edu.mx\/wp-content\/uploads\/2022\/03\/vision-facultad.jpg\" alt=\"Visi\u00f3n de la Facultad de Derecho Mazatl\u00e1n\" class=\"wp-image-213\" srcset=\"https:\/\/derechomaz.uas.edu.mx\/wp-content\/uploads\/2022\/03\/vision-facultad.jpg 1920w, https:\/\/derechomaz.uas.edu.mx\/wp-content\/uploads\/2022\/03\/vision-facultad-300x200.jpg 300w, https:\/\/derechomaz.uas.edu.mx\/wp-content\/uploads\/2022\/03\/vision-facultad-1024x683.jpg 1024w, https:\/\/derechomaz.uas.edu.mx\/wp-content\/uploads\/2022\/03\/vision-facultad-768x512.jpg 768w, https:\/\/derechomaz.uas.edu.mx\/wp-content\/uploads\/2022\/03\/vision-facultad-1536x1024.jpg 1536w\" sizes=\"auto, (max-width: 1920px) 100vw, 1920px\" \/><\/figure>\n","protected":false},"excerpt":{"rendered":"<p>Misi\u00f3n Formar profesionales del derecho competentes, con prestigio y reconocimiento social, cuyo perfil les permita generar y aplicar los conocimientos adquiridos de manera innovadora y atender las necesidades de la sociedad, para contribuir en el desarrollo sustentable a nivel estatal, regional y nacional, basados en la equidad, justicia, democracia y principios \u00e9ticos para la resoluci\u00f3n [&hellip;]<\/p>\n","protected":false},"author":1,"featured_media":0,"parent":0,"menu_order":0,"comment_status":"closed","ping_status":"closed","template":"","meta":{"footnotes":""},"class_list":["post-1302","page","type-page","status-publish","hentry"],"_links":{"self":[{"href":"https:\/\/derechomaz.uas.edu.mx\/index.php\/wp-json\/wp\/v2\/pages\/1302","targetHints":{"allow":["GET"]}}],"collection":[{"href":"https:\/\/derechomaz.uas.edu.mx\/index.php\/wp-json\/wp\/v2\/pages"}],"about":[{"href":"https:\/\/derechomaz.uas.edu.mx\/index.php\/wp-json\/wp\/v2\/types\/page"}],"author":[{"embeddable":true,"href":"https:\/\/derechomaz.uas.edu.mx\/index.php\/wp-json\/wp\/v2\/users\/1"}],"replies":[{"embeddable":true,"href":"https:\/\/derechomaz.uas.edu.mx\/index.php\/wp-json\/wp\/v2\/comments?post=1302"}],"version-history":[{"count":1,"href":"https:\/\/derechomaz.uas.edu.mx\/index.php\/wp-json\/wp\/v2\/pages\/1302\/revisions"}],"predecessor-version":[{"id":1303,"href":"https:\/\/derechomaz.uas.edu.mx\/index.php\/wp-json\/wp\/v2\/pages\/1302\/revisions\/1303"}],"wp:attachment":[{"href":"https:\/\/derechomaz.uas.edu.mx\/index.php\/wp-json\/wp\/v2\/media?parent=1302"}],"curies":[{"name":"wp","href":"https:\/\/api.w.org\/{rel}","templated":true}]}}