{"id":1309,"date":"2025-04-29T20:45:17","date_gmt":"2025-04-29T20:45:17","guid":{"rendered":"https:\/\/derechomaz.uas.edu.mx\/?page_id=1309"},"modified":"2025-04-29T20:45:17","modified_gmt":"2025-04-29T20:45:17","slug":"perfil-de-egreso","status":"publish","type":"page","link":"https:\/\/derechomaz.uas.edu.mx\/index.php\/perfil-de-egreso\/","title":{"rendered":"Perfil de egreso"},"content":{"rendered":"\n<h1 class=\"wp-block-heading\"><\/h1>\n\n\n\n<p><\/p>\n\n\n\n<p>El egresado de la Licenciatura en Derecho contar\u00e1 con una formaci\u00f3n acad\u00e9mica integral s\u00f3lida, que le permitir\u00e1 desarrollarse profesional y \u00e9ticamente en el campo jur\u00eddico a un alto nivel, a fin de proponer soluciones a los problemas de la sociedad contempor\u00e1nea con compromiso y justicia social bajo un enfoque de respeto a los derechos humanos, la laicidad, el pluralismo, el ideal democr\u00e1tico, la perspectiva de g\u00e9nero y la preservaci\u00f3n y equilibrio ecol\u00f3gico.<em><\/em><\/p>\n\n\n\n<p>El egresado podr\u00e1 desempe\u00f1arse en los sectores p\u00fablico, privado y social como abogado postulante, asesor y consultor jur\u00eddico, servidor y funcionario p\u00fablico, investigador y docente de forma inter y transdisciplinario.<em><\/em><\/p>\n\n\n\n<h2 class=\"wp-block-heading\"><\/h2>\n\n\n\n<p><\/p>\n","protected":false},"excerpt":{"rendered":"<p>Breve historia de los or\u00edgenes de la Facultad de Derecho Mazatl\u00e1n&#8230;<\/p>\n","protected":false},"author":1,"featured_media":0,"parent":0,"menu_order":0,"comment_status":"closed","ping_status":"closed","template":"","meta":{"footnotes":""},"class_list":["post-1309","page","type-page","status-publish","hentry"],"_links":{"self":[{"href":"https:\/\/derechomaz.uas.edu.mx\/index.php\/wp-json\/wp\/v2\/pages\/1309","targetHints":{"allow":["GET"]}}],"collection":[{"href":"https:\/\/derechomaz.uas.edu.mx\/index.php\/wp-json\/wp\/v2\/pages"}],"about":[{"href":"https:\/\/derechomaz.uas.edu.mx\/index.php\/wp-json\/wp\/v2\/types\/page"}],"author":[{"embeddable":true,"href":"https:\/\/derechomaz.uas.edu.mx\/index.php\/wp-json\/wp\/v2\/users\/1"}],"replies":[{"embeddable":true,"href":"https:\/\/derechomaz.uas.edu.mx\/index.php\/wp-json\/wp\/v2\/comments?post=1309"}],"version-history":[{"count":1,"href":"https:\/\/derechomaz.uas.edu.mx\/index.php\/wp-json\/wp\/v2\/pages\/1309\/revisions"}],"predecessor-version":[{"id":1310,"href":"https:\/\/derechomaz.uas.edu.mx\/index.php\/wp-json\/wp\/v2\/pages\/1309\/revisions\/1310"}],"wp:attachment":[{"href":"https:\/\/derechomaz.uas.edu.mx\/index.php\/wp-json\/wp\/v2\/media?parent=1309"}],"curies":[{"name":"wp","href":"https:\/\/api.w.org\/{rel}","templated":true}]}}