{"id":630,"date":"2022-04-29T17:09:09","date_gmt":"2022-04-29T17:09:09","guid":{"rendered":"http:\/\/derechomaz.uas.edu.mx\/?page_id=630"},"modified":"2022-05-19T18:24:40","modified_gmt":"2022-05-19T18:24:40","slug":"seguimiento-de-egresados","status":"publish","type":"page","link":"https:\/\/derechomaz.uas.edu.mx\/index.php\/seguimiento-de-egresados\/","title":{"rendered":"Seguimiento de egresados"},"content":{"rendered":"\n<p>El Programa Institucional de Seguimiento de Egresados tiene como prop\u00f3sito mantener comunicaci\u00f3n permanente con los egresados de la Universidad y los distintos empleadores de los sectores p\u00fablico, privado y social de la entidad y el pa\u00eds, para conocer las necesidades y tendencias de formaci\u00f3n profesional que demandan y a partir de ello, retroalimentar los procesos de evaluaci\u00f3n, redise\u00f1o curricular y de propuesta de nueva oferta educativa de calidad, con pertinencia y compromiso social.<\/p>\n\n\n\n<div class=\"wp-block-image\"><figure class=\"aligncenter size-full\"><img loading=\"lazy\" decoding=\"async\" width=\"120\" height=\"94\" src=\"http:\/\/derechomaz.uas.edu.mx\/wp-content\/uploads\/2022\/05\/logo_seguimiento.gif\" alt=\"Logo del programa de Seguimiento de Egresados\" class=\"wp-image-702\"\/><\/figure><\/div>\n","protected":false},"excerpt":{"rendered":"<p>El Programa Institucional de Seguimiento de Egresados tiene como prop\u00f3sito mantener comunicaci\u00f3n permanente con los egresados de la Universidad y los distintos empleadores de los sectores p\u00fablico, privado y social de la entidad y el pa\u00eds, para conocer las necesidades y tendencias de formaci\u00f3n profesional que demandan y a partir de ello, retroalimentar los procesos [&hellip;]<\/p>\n","protected":false},"author":1,"featured_media":0,"parent":0,"menu_order":0,"comment_status":"closed","ping_status":"closed","template":"","meta":{"footnotes":""},"class_list":["post-630","page","type-page","status-publish","hentry"],"_links":{"self":[{"href":"https:\/\/derechomaz.uas.edu.mx\/index.php\/wp-json\/wp\/v2\/pages\/630","targetHints":{"allow":["GET"]}}],"collection":[{"href":"https:\/\/derechomaz.uas.edu.mx\/index.php\/wp-json\/wp\/v2\/pages"}],"about":[{"href":"https:\/\/derechomaz.uas.edu.mx\/index.php\/wp-json\/wp\/v2\/types\/page"}],"author":[{"embeddable":true,"href":"https:\/\/derechomaz.uas.edu.mx\/index.php\/wp-json\/wp\/v2\/users\/1"}],"replies":[{"embeddable":true,"href":"https:\/\/derechomaz.uas.edu.mx\/index.php\/wp-json\/wp\/v2\/comments?post=630"}],"version-history":[{"count":3,"href":"https:\/\/derechomaz.uas.edu.mx\/index.php\/wp-json\/wp\/v2\/pages\/630\/revisions"}],"predecessor-version":[{"id":704,"href":"https:\/\/derechomaz.uas.edu.mx\/index.php\/wp-json\/wp\/v2\/pages\/630\/revisions\/704"}],"wp:attachment":[{"href":"https:\/\/derechomaz.uas.edu.mx\/index.php\/wp-json\/wp\/v2\/media?parent=630"}],"curies":[{"name":"wp","href":"https:\/\/api.w.org\/{rel}","templated":true}]}}