{"id":636,"date":"2022-05-04T18:04:46","date_gmt":"2022-05-04T18:04:46","guid":{"rendered":"http:\/\/derechomaz.uas.edu.mx\/?page_id=636"},"modified":"2022-05-06T18:09:34","modified_gmt":"2022-05-06T18:09:34","slug":"acerca-de-la-biblioteca","status":"publish","type":"page","link":"https:\/\/derechomaz.uas.edu.mx\/index.php\/acerca-de-la-biblioteca\/","title":{"rendered":"Acerca de la Biblioteca"},"content":{"rendered":"\n<p>La biblioteca proporciona servicios con la finalidad de propiciar en sus usuarios las competencias que les faciliten la utilizaci\u00f3n de herramientas y alternativas para la localizaci\u00f3n, recuperaci\u00f3n y evaluaci\u00f3n de la informaci\u00f3n , con el prop\u00f3sito de convertir esa informaci\u00f3n en conocimiento.<\/p>\n\n\n\n<h2 class=\"wp-block-heading\">Esencia y misi\u00f3n<\/h2>\n\n\n\n<p>La esencia de la biblioteca radica en su funci\u00f3n social&nbsp; al proporcionar el libre acceso a la informaci\u00f3n publicada&nbsp; impresa o digitalizada y ofrecer a la sociedad formaci\u00f3n, ocio y cultura.<\/p>\n\n\n\n<p>Nuestra misi\u00f3n como parte del SIBIUAS es brindar a los usuarios servicios de calidad con trato eficaz y amable con el objetivo de servir de apoyo estructural para el modelo educativo centrado en el aprendizaje.<\/p>\n\n\n\n<h2 class=\"wp-block-heading\">Constancia de no adeudo<\/h2>\n\n\n\n<p>Todo estudiante universitario que solicite su baja de la instituci\u00f3n o cambio de escuela, asimismo los que est\u00e1n en tr\u00e1mites de titulaci\u00f3n, deber\u00e1n solicitar la constancia de no adeudo en la Biblioteca Central URS, as\u00ed como el sello certificado de la biblioteca Dr. Ra\u00fal Cervantes Ahumada de la Facultad de Derecho.<\/p>\n\n\n\n<h2 class=\"wp-block-heading\">Infraestructura<\/h2>\n\n\n<style type=\"text\/css\">\n#foogallery-gallery-657 .fg-image { width: 640px; }<\/style>\n\t\t\t<div class=\"foogallery foogallery-container foogallery-image-viewer foogallery-link-image foogallery-lightbox-none fg-center fg-image-viewer fg-ready fg-light fg-border-thin fg-round-small fg-shadow-outline fg-loading-default fg-loaded-fade-in fg-caption-always fg-hover-fade fg-hover-external\" id=\"foogallery-gallery-657\" data-foogallery=\"{&quot;item&quot;:{&quot;showCaptionTitle&quot;:true,&quot;showCaptionDescription&quot;:false},&quot;lazy&quot;:true,&quot;template&quot;:{&quot;loop&quot;:true}}\" style=\"--fg-title-line-clamp: 0; --fg-description-line-clamp: 0;\" >\n\t<div class=\"fiv-inner\">\n\t\t<div class=\"fiv-inner-container\">\n\t\t\t<div class=\"fg-item fg-type-image fg-idle\"><figure class=\"fg-item-inner\"><a href=\"https:\/\/derechomaz.uas.edu.mx\/wp-content\/uploads\/2022\/05\/area-literatura-2.jpg\" data-caption-desc=\"\u00c1rea de literatura 1\" data-caption-title=\"\u00c1rea de literatura 1\" data-attachment-id=\"663\" data-type=\"image\" class=\"fg-thumb\"><span class=\"fg-image-wrap\"><img fetchpriority=\"high\" decoding=\"async\" width=\"640\" height=\"360\" class=\"skip-lazy fg-image\" data-src-fg=\"https:\/\/derechomaz.uas.edu.mx\/wp-content\/uploads\/2022\/05\/area-literatura-2.jpg\" src=\"data:image\/svg+xml,%3Csvg%20xmlns%3D%22http%3A%2F%2Fwww.w3.org%2F2000%2Fsvg%22%20width%3D%22640%22%20height%3D%22360%22%20viewBox%3D%220%200%20640%20360%22%3E%3C%2Fsvg%3E\" loading=\"eager\"><\/span><span class=\"fg-image-overlay\"><\/span><\/a><figcaption class=\"fg-caption\"><div class=\"fg-caption-inner\"><div class=\"fg-caption-title\">\u00c1rea de literatura 1<\/div><\/div><\/figcaption><\/figure><div class=\"fg-loader\"><\/div><\/div><div class=\"fg-item fg-type-image fg-idle\"><figure class=\"fg-item-inner\"><a href=\"https:\/\/derechomaz.uas.edu.mx\/wp-content\/uploads\/2022\/05\/area-literatura-1.jpg\" data-caption-desc=\"\u00c1rea de literatura 2\" data-caption-title=\"\u00c1rea de literatura 2\" data-attachment-id=\"662\" data-type=\"image\" class=\"fg-thumb\"><span class=\"fg-image-wrap\"><img decoding=\"async\" width=\"640\" height=\"360\" class=\"skip-lazy fg-image\" data-src-fg=\"https:\/\/derechomaz.uas.edu.mx\/wp-content\/uploads\/2022\/05\/area-literatura-1.jpg\" src=\"data:image\/svg+xml,%3Csvg%20xmlns%3D%22http%3A%2F%2Fwww.w3.org%2F2000%2Fsvg%22%20width%3D%22640%22%20height%3D%22360%22%20viewBox%3D%220%200%20640%20360%22%3E%3C%2Fsvg%3E\" loading=\"eager\"><\/span><span class=\"fg-image-overlay\"><\/span><\/a><figcaption class=\"fg-caption\"><div class=\"fg-caption-inner\"><div class=\"fg-caption-title\">\u00c1rea de literatura 2<\/div><\/div><\/figcaption><\/figure><div class=\"fg-loader\"><\/div><\/div><div class=\"fg-item fg-type-image fg-idle\"><figure class=\"fg-item-inner\"><a href=\"https:\/\/derechomaz.uas.edu.mx\/wp-content\/uploads\/2022\/05\/area-virtual-1.jpg\" data-caption-desc=\"\u00c1rea virtual 1\" data-caption-title=\"\u00c1rea virtual 1\" data-attachment-id=\"666\" data-type=\"image\" class=\"fg-thumb\"><span class=\"fg-image-wrap\"><img decoding=\"async\" width=\"640\" height=\"360\" class=\"skip-lazy fg-image\" data-src-fg=\"https:\/\/derechomaz.uas.edu.mx\/wp-content\/uploads\/2022\/05\/area-virtual-1.jpg\" src=\"data:image\/svg+xml,%3Csvg%20xmlns%3D%22http%3A%2F%2Fwww.w3.org%2F2000%2Fsvg%22%20width%3D%22640%22%20height%3D%22360%22%20viewBox%3D%220%200%20640%20360%22%3E%3C%2Fsvg%3E\" loading=\"eager\"><\/span><span class=\"fg-image-overlay\"><\/span><\/a><figcaption class=\"fg-caption\"><div class=\"fg-caption-inner\"><div class=\"fg-caption-title\">\u00c1rea virtual 1<\/div><\/div><\/figcaption><\/figure><div class=\"fg-loader\"><\/div><\/div><div class=\"fg-item fg-type-image fg-idle\"><figure class=\"fg-item-inner\"><a href=\"https:\/\/derechomaz.uas.edu.mx\/wp-content\/uploads\/2022\/05\/area-virtual-2.jpg\" data-caption-desc=\"\u00c1rea virtual 2\" data-caption-title=\"\u00c1rea virtual 2\" data-attachment-id=\"667\" data-type=\"image\" class=\"fg-thumb\"><span class=\"fg-image-wrap\"><img decoding=\"async\" width=\"640\" height=\"360\" class=\"skip-lazy fg-image\" data-src-fg=\"https:\/\/derechomaz.uas.edu.mx\/wp-content\/uploads\/2022\/05\/area-virtual-2.jpg\" src=\"data:image\/svg+xml,%3Csvg%20xmlns%3D%22http%3A%2F%2Fwww.w3.org%2F2000%2Fsvg%22%20width%3D%22640%22%20height%3D%22360%22%20viewBox%3D%220%200%20640%20360%22%3E%3C%2Fsvg%3E\" loading=\"eager\"><\/span><span class=\"fg-image-overlay\"><\/span><\/a><figcaption class=\"fg-caption\"><div class=\"fg-caption-inner\"><div class=\"fg-caption-title\">\u00c1rea virtual 2<\/div><\/div><\/figcaption><\/figure><div class=\"fg-loader\"><\/div><\/div><div class=\"fg-item fg-type-image fg-idle\"><figure class=\"fg-item-inner\"><a href=\"https:\/\/derechomaz.uas.edu.mx\/wp-content\/uploads\/2022\/05\/area-consulta.jpg\" data-caption-desc=\"\u00c1rea de consulta\" data-caption-title=\"\u00c1rea de consulta\" data-attachment-id=\"659\" data-type=\"image\" class=\"fg-thumb\"><span class=\"fg-image-wrap\"><img decoding=\"async\" width=\"640\" height=\"360\" class=\"skip-lazy fg-image\" data-src-fg=\"https:\/\/derechomaz.uas.edu.mx\/wp-content\/uploads\/2022\/05\/area-consulta.jpg\" src=\"data:image\/svg+xml,%3Csvg%20xmlns%3D%22http%3A%2F%2Fwww.w3.org%2F2000%2Fsvg%22%20width%3D%22640%22%20height%3D%22360%22%20viewBox%3D%220%200%20640%20360%22%3E%3C%2Fsvg%3E\" loading=\"eager\"><\/span><span class=\"fg-image-overlay\"><\/span><\/a><figcaption class=\"fg-caption\"><div class=\"fg-caption-inner\"><div class=\"fg-caption-title\">\u00c1rea de consulta<\/div><\/div><\/figcaption><\/figure><div class=\"fg-loader\"><\/div><\/div><div class=\"fg-item fg-type-image fg-idle\"><figure class=\"fg-item-inner\"><a href=\"https:\/\/derechomaz.uas.edu.mx\/wp-content\/uploads\/2022\/05\/area-depositar-libros.jpg\" data-caption-desc=\"\u00c1rea de deposito de libros\" data-caption-title=\"\u00c1rea de deposito de libros\" data-attachment-id=\"660\" data-type=\"image\" class=\"fg-thumb\"><span class=\"fg-image-wrap\"><img decoding=\"async\" width=\"640\" height=\"360\" class=\"skip-lazy fg-image\" data-src-fg=\"https:\/\/derechomaz.uas.edu.mx\/wp-content\/uploads\/2022\/05\/area-depositar-libros.jpg\" src=\"data:image\/svg+xml,%3Csvg%20xmlns%3D%22http%3A%2F%2Fwww.w3.org%2F2000%2Fsvg%22%20width%3D%22640%22%20height%3D%22360%22%20viewBox%3D%220%200%20640%20360%22%3E%3C%2Fsvg%3E\" loading=\"eager\"><\/span><span class=\"fg-image-overlay\"><\/span><\/a><figcaption class=\"fg-caption\"><div class=\"fg-caption-inner\"><div class=\"fg-caption-title\">\u00c1rea de deposito de libros<\/div><\/div><\/figcaption><\/figure><div class=\"fg-loader\"><\/div><\/div><div class=\"fg-item fg-type-image fg-idle\"><figure class=\"fg-item-inner\"><a href=\"https:\/\/derechomaz.uas.edu.mx\/wp-content\/uploads\/2022\/05\/area-busqueda.jpg\" data-caption-desc=\"\u00c1rea de b\u00fasqueda\" data-caption-title=\"\u00c1rea de b\u00fasqueda\" data-attachment-id=\"658\" data-type=\"image\" class=\"fg-thumb\"><span class=\"fg-image-wrap\"><img decoding=\"async\" width=\"640\" height=\"360\" class=\"skip-lazy fg-image\" data-src-fg=\"https:\/\/derechomaz.uas.edu.mx\/wp-content\/uploads\/2022\/05\/area-busqueda.jpg\" src=\"data:image\/svg+xml,%3Csvg%20xmlns%3D%22http%3A%2F%2Fwww.w3.org%2F2000%2Fsvg%22%20width%3D%22640%22%20height%3D%22360%22%20viewBox%3D%220%200%20640%20360%22%3E%3C%2Fsvg%3E\" loading=\"eager\"><\/span><span class=\"fg-image-overlay\"><\/span><\/a><figcaption class=\"fg-caption\"><div class=\"fg-caption-inner\"><div class=\"fg-caption-title\">\u00c1rea de b\u00fasqueda<\/div><\/div><\/figcaption><\/figure><div class=\"fg-loader\"><\/div><\/div><div class=\"fg-item fg-type-image fg-idle\"><figure class=\"fg-item-inner\"><a href=\"https:\/\/derechomaz.uas.edu.mx\/wp-content\/uploads\/2022\/05\/area-revistas.jpg\" data-caption-desc=\"\u00c1rea de revistas\" data-caption-title=\"\u00c1rea de revistas\" data-attachment-id=\"664\" data-type=\"image\" class=\"fg-thumb\"><span class=\"fg-image-wrap\"><img decoding=\"async\" width=\"640\" height=\"360\" class=\"skip-lazy fg-image\" data-src-fg=\"https:\/\/derechomaz.uas.edu.mx\/wp-content\/uploads\/2022\/05\/area-revistas.jpg\" src=\"data:image\/svg+xml,%3Csvg%20xmlns%3D%22http%3A%2F%2Fwww.w3.org%2F2000%2Fsvg%22%20width%3D%22640%22%20height%3D%22360%22%20viewBox%3D%220%200%20640%20360%22%3E%3C%2Fsvg%3E\" loading=\"eager\"><\/span><span class=\"fg-image-overlay\"><\/span><\/a><figcaption class=\"fg-caption\"><div class=\"fg-caption-inner\"><div class=\"fg-caption-title\">\u00c1rea de revistas<\/div><\/div><\/figcaption><\/figure><div class=\"fg-loader\"><\/div><\/div><div class=\"fg-item fg-type-image fg-idle\"><figure class=\"fg-item-inner\"><a href=\"https:\/\/derechomaz.uas.edu.mx\/wp-content\/uploads\/2022\/05\/area-individual.jpg\" data-caption-desc=\"\u00c1rea individual\" data-caption-title=\"\u00c1rea individual\" data-attachment-id=\"661\" data-type=\"image\" class=\"fg-thumb\"><span class=\"fg-image-wrap\"><img decoding=\"async\" width=\"640\" height=\"360\" class=\"skip-lazy fg-image\" data-src-fg=\"https:\/\/derechomaz.uas.edu.mx\/wp-content\/uploads\/2022\/05\/area-individual.jpg\" src=\"data:image\/svg+xml,%3Csvg%20xmlns%3D%22http%3A%2F%2Fwww.w3.org%2F2000%2Fsvg%22%20width%3D%22640%22%20height%3D%22360%22%20viewBox%3D%220%200%20640%20360%22%3E%3C%2Fsvg%3E\" loading=\"eager\"><\/span><span class=\"fg-image-overlay\"><\/span><\/a><figcaption class=\"fg-caption\"><div class=\"fg-caption-inner\"><div class=\"fg-caption-title\">\u00c1rea individual<\/div><\/div><\/figcaption><\/figure><div class=\"fg-loader\"><\/div><\/div><div class=\"fg-item fg-type-image fg-idle\"><figure class=\"fg-item-inner\"><a href=\"https:\/\/derechomaz.uas.edu.mx\/wp-content\/uploads\/2022\/05\/area-sala-lectura.jpg\" data-caption-desc=\"\u00c1rea de sala de lectura\" data-caption-title=\"\u00c1rea de sala de lectura\" data-attachment-id=\"665\" data-type=\"image\" class=\"fg-thumb\"><span class=\"fg-image-wrap\"><img decoding=\"async\" width=\"640\" height=\"360\" class=\"skip-lazy fg-image\" data-src-fg=\"https:\/\/derechomaz.uas.edu.mx\/wp-content\/uploads\/2022\/05\/area-sala-lectura.jpg\" src=\"data:image\/svg+xml,%3Csvg%20xmlns%3D%22http%3A%2F%2Fwww.w3.org%2F2000%2Fsvg%22%20width%3D%22640%22%20height%3D%22360%22%20viewBox%3D%220%200%20640%20360%22%3E%3C%2Fsvg%3E\" loading=\"eager\"><\/span><span class=\"fg-image-overlay\"><\/span><\/a><figcaption class=\"fg-caption\"><div class=\"fg-caption-inner\"><div class=\"fg-caption-title\">\u00c1rea de sala de lectura<\/div><\/div><\/figcaption><\/figure><div class=\"fg-loader\"><\/div><\/div><div class=\"fg-item fg-type-image fg-idle\"><figure class=\"fg-item-inner\"><a href=\"https:\/\/derechomaz.uas.edu.mx\/wp-content\/uploads\/2022\/05\/guardado-objetos-1.jpg\" data-caption-desc=\"\u00c1rea de guardado de objetos\" data-caption-title=\"\u00c1rea de guardado de objetos\" data-attachment-id=\"668\" data-type=\"image\" class=\"fg-thumb\"><span class=\"fg-image-wrap\"><img decoding=\"async\" width=\"640\" height=\"360\" class=\"skip-lazy fg-image\" data-src-fg=\"https:\/\/derechomaz.uas.edu.mx\/wp-content\/uploads\/2022\/05\/guardado-objetos-1.jpg\" src=\"data:image\/svg+xml,%3Csvg%20xmlns%3D%22http%3A%2F%2Fwww.w3.org%2F2000%2Fsvg%22%20width%3D%22640%22%20height%3D%22360%22%20viewBox%3D%220%200%20640%20360%22%3E%3C%2Fsvg%3E\" loading=\"eager\"><\/span><span class=\"fg-image-overlay\"><\/span><\/a><figcaption class=\"fg-caption\"><div class=\"fg-caption-inner\"><div class=\"fg-caption-title\">\u00c1rea de guardado de objetos<\/div><\/div><\/figcaption><\/figure><div class=\"fg-loader\"><\/div><\/div>\t\t<\/div>\n\t\t<div class=\"fiv-ctrls\">\n\t\t\t<button type=\"button\" class=\"fiv-prev\" title=\"Previa\"><span>Previa<\/span><\/button>\n\t\t\t<label class=\"fiv-count\"><span class=\"fiv-count-current\">1<\/span>de<span class=\"fiv-count-total\">11<\/span><\/label>\n\t\t\t<button type=\"button\" class=\"fiv-next\" title=\"Pr\u00f3ximo\"><span>Pr\u00f3ximo<\/span><\/button>\n\t\t<\/div>\n\t<\/div>\n<\/div>","protected":false},"excerpt":{"rendered":"<p>La biblioteca proporciona servicios con la finalidad de propiciar en sus usuarios las competencias que les faciliten la utilizaci\u00f3n de herramientas y alternativas para la localizaci\u00f3n, recuperaci\u00f3n y evaluaci\u00f3n de la informaci\u00f3n , con el prop\u00f3sito de convertir esa informaci\u00f3n en conocimiento. Esencia y misi\u00f3n La esencia de la biblioteca radica en su funci\u00f3n social&nbsp; [&hellip;]<\/p>\n","protected":false},"author":1,"featured_media":0,"parent":0,"menu_order":0,"comment_status":"closed","ping_status":"closed","template":"","meta":{"footnotes":""},"class_list":["post-636","page","type-page","status-publish","hentry"],"_links":{"self":[{"href":"https:\/\/derechomaz.uas.edu.mx\/index.php\/wp-json\/wp\/v2\/pages\/636","targetHints":{"allow":["GET"]}}],"collection":[{"href":"https:\/\/derechomaz.uas.edu.mx\/index.php\/wp-json\/wp\/v2\/pages"}],"about":[{"href":"https:\/\/derechomaz.uas.edu.mx\/index.php\/wp-json\/wp\/v2\/types\/page"}],"author":[{"embeddable":true,"href":"https:\/\/derechomaz.uas.edu.mx\/index.php\/wp-json\/wp\/v2\/users\/1"}],"replies":[{"embeddable":true,"href":"https:\/\/derechomaz.uas.edu.mx\/index.php\/wp-json\/wp\/v2\/comments?post=636"}],"version-history":[{"count":6,"href":"https:\/\/derechomaz.uas.edu.mx\/index.php\/wp-json\/wp\/v2\/pages\/636\/revisions"}],"predecessor-version":[{"id":669,"href":"https:\/\/derechomaz.uas.edu.mx\/index.php\/wp-json\/wp\/v2\/pages\/636\/revisions\/669"}],"wp:attachment":[{"href":"https:\/\/derechomaz.uas.edu.mx\/index.php\/wp-json\/wp\/v2\/media?parent=636"}],"curies":[{"name":"wp","href":"https:\/\/api.w.org\/{rel}","templated":true}]}}