{"id":7,"date":"2022-03-15T18:34:38","date_gmt":"2022-03-15T18:34:38","guid":{"rendered":"http:\/\/derechomaz.uas.edu.mx\/?page_id=7"},"modified":"2022-05-06T16:43:36","modified_gmt":"2022-05-06T16:43:36","slug":"historia","status":"publish","type":"page","link":"https:\/\/derechomaz.uas.edu.mx\/index.php\/historia\/","title":{"rendered":"Historia"},"content":{"rendered":"<h2 class=\"wp-block-heading\">Los inicios de la Facultad de Derecho Mazatl\u00e1n<\/h2><p class=\"has-text-align-left\">Habiendo sido inaugurado en la ciudad de Mazatl\u00e1n, por dificultades pol\u00edticas en 1874 los poderes estatales se trasladaron a Culiac\u00e1n y, con ellos, tambi\u00e9n el Liceo Rosales, cambiando \u00e9ste su nombre original a Colegio Rosales, pero experimentando, a la vez, una interesante transformaci\u00f3n en su oferta educativa: dise\u00f1\u00f3 y empez\u00f3 a impartir carreras profesionales como la de ingeniero agrimensor, top\u00f3grafo e hidr\u00f3grafo, abogado, contador (tenedor de libros), qu\u00edmico (ensayador de metales) y profesor de educaci\u00f3n b\u00e1sica.<\/p><div class=\"wp-block-image\"><figure class=\"aligncenter size-full\"><img loading=\"lazy\" decoding=\"async\" width=\"453\" height=\"303\" src=\"http:\/\/derechomaz.uas.edu.mx\/wp-content\/uploads\/2022\/03\/edificio-central.png\" alt=\"edificio antiguo\" class=\"wp-image-12\" srcset=\"https:\/\/derechomaz.uas.edu.mx\/wp-content\/uploads\/2022\/03\/edificio-central.png 453w, https:\/\/derechomaz.uas.edu.mx\/wp-content\/uploads\/2022\/03\/edificio-central-300x201.png 300w\" sizes=\"auto, (max-width: 453px) 100vw, 453px\" \/><\/figure><\/div><p>Concluida la Revoluci\u00f3n mexicana, en 1918 el Colegio Rosales se transforma en la primera y original Universidad de Occidente. El gobernador del Estado general Ram\u00f3n F. Iturbe decreta en su favor la autonom\u00eda con la finalidad de que la Universidad tuviera la capacidad jur\u00eddica para decidir su proyecto acad\u00e9mico, administrar su patrimonio y autogobernarse, configurando as\u00ed un caso pionero de reforma universitaria en el pa\u00eds: bajo un visionario cuanto novedoso modelo de universidad regional, la instituci\u00f3n comprendi\u00f3 a los diversos niveles acad\u00e9micos: secundaria, normal, bachillerato, educaci\u00f3n para adultos y educaci\u00f3n continua, carreras t\u00e9cnicas y de licenciatura; desarroll\u00f3 un ambiente de libertad de c\u00e1tedra, derecho a la educaci\u00f3n y solidaridad con los amplios intereses sociales.<\/p><div class=\"wp-block-image\"><figure class=\"aligncenter size-full\"><img loading=\"lazy\" decoding=\"async\" width=\"397\" height=\"268\" src=\"http:\/\/derechomaz.uas.edu.mx\/wp-content\/uploads\/2022\/03\/historia-personas.png\" alt=\"personas en un edificio antiguo\" class=\"wp-image-14\" srcset=\"https:\/\/derechomaz.uas.edu.mx\/wp-content\/uploads\/2022\/03\/historia-personas.png 397w, https:\/\/derechomaz.uas.edu.mx\/wp-content\/uploads\/2022\/03\/historia-personas-300x203.png 300w\" sizes=\"auto, (max-width: 397px) 100vw, 397px\" \/><\/figure><\/div><p>La Universidad de Occidente mud\u00f3, en 1922, a Colegio Civil Rosales. Este se nutre del r\u00e9gimen de autonom\u00eda, del ambiente de libertad y de la tradici\u00f3n acad\u00e9mica de sus antecesoras. M\u00e1s tarde, a influjo del cardenismo, en 1937 se transformar\u00eda en Universidad Socialista del Noroeste, en tanto tal es promotora y soporte de las grandes reformas sociales de la \u00e9poca.<\/p><div class=\"wp-block-image\"><figure class=\"aligncenter size-full\"><img loading=\"lazy\" decoding=\"async\" width=\"440\" height=\"277\" src=\"http:\/\/derechomaz.uas.edu.mx\/wp-content\/uploads\/2022\/03\/edificio-antiguo.png\" alt=\"edificio antiguo\" class=\"wp-image-17\" srcset=\"https:\/\/derechomaz.uas.edu.mx\/wp-content\/uploads\/2022\/03\/edificio-antiguo.png 440w, https:\/\/derechomaz.uas.edu.mx\/wp-content\/uploads\/2022\/03\/edificio-antiguo-300x189.png 300w\" sizes=\"auto, (max-width: 440px) 100vw, 440px\" \/><\/figure><\/div><p>Con el gobierno del general L\u00e1zaro C\u00e1rdenas culmina la \u00e9poca de la Universidad Socialista del Noroeste, pasando, en 1941, a ser Universidad de Sinaloa. El 4 de diciembre de 1965, la instituci\u00f3n recobra y desarrolla su autonom\u00eda abrogada en 1937. Con el nuevo ordenamiento legal, desde aquel a\u00f1o mantiene su denominaci\u00f3n actual de Universidad Aut\u00f3noma de Sinaloa. La instituci\u00f3n, en los a\u00f1os sesenta y setenta, vivi\u00f3 intensamente la movilizaci\u00f3n de sus estudiantes, maestros y trabajadores, con episodios de crisis y desestabilizaci\u00f3n. Sin embargo, a partir de 1977 el movimiento universitario por si solo fue capaz de restablecer la normalidad institucional fortaleciendo la orientaci\u00f3n cultural, la planeaci\u00f3n de su desempe\u00f1o y el mejoramiento general de una Universidad cada vez m\u00e1s comprometida con la academia y la sociedad sinaloense, bajo el lema preciso y continuado de: superaci\u00f3n acad\u00e9mica y compromiso social. El proceso de regularizaci\u00f3n acad\u00e9mica, de entonces a la fecha, se manifest\u00f3 en acciones para profesionalizar al magisterio, desplegar la investigaci\u00f3n cient\u00edfica y el posgrado, profundizar la extensi\u00f3n cultural, a la par que reorganizar las estructuras administrativa y financiera de la instituci\u00f3n.<\/p>","protected":false},"excerpt":{"rendered":"<p>Breve historia de los or\u00edgenes de la Facultad de Derecho Mazatl\u00e1n&#8230;<\/p>\n","protected":false},"author":1,"featured_media":0,"parent":0,"menu_order":0,"comment_status":"closed","ping_status":"closed","template":"","meta":{"footnotes":""},"class_list":["post-7","page","type-page","status-publish","hentry"],"_links":{"self":[{"href":"https:\/\/derechomaz.uas.edu.mx\/index.php\/wp-json\/wp\/v2\/pages\/7","targetHints":{"allow":["GET"]}}],"collection":[{"href":"https:\/\/derechomaz.uas.edu.mx\/index.php\/wp-json\/wp\/v2\/pages"}],"about":[{"href":"https:\/\/derechomaz.uas.edu.mx\/index.php\/wp-json\/wp\/v2\/types\/page"}],"author":[{"embeddable":true,"href":"https:\/\/derechomaz.uas.edu.mx\/index.php\/wp-json\/wp\/v2\/users\/1"}],"replies":[{"embeddable":true,"href":"https:\/\/derechomaz.uas.edu.mx\/index.php\/wp-json\/wp\/v2\/comments?post=7"}],"version-history":[{"count":14,"href":"https:\/\/derechomaz.uas.edu.mx\/index.php\/wp-json\/wp\/v2\/pages\/7\/revisions"}],"predecessor-version":[{"id":645,"href":"https:\/\/derechomaz.uas.edu.mx\/index.php\/wp-json\/wp\/v2\/pages\/7\/revisions\/645"}],"wp:attachment":[{"href":"https:\/\/derechomaz.uas.edu.mx\/index.php\/wp-json\/wp\/v2\/media?parent=7"}],"curies":[{"name":"wp","href":"https:\/\/api.w.org\/{rel}","templated":true}]}}